{"id":10105,"date":"2023-02-24T18:40:33","date_gmt":"2023-02-24T17:40:33","guid":{"rendered":"https:\/\/artburomaroc.com\/?post_type=product&#038;p=10105"},"modified":"2023-02-25T16:05:46","modified_gmt":"2023-02-25T15:05:46","slug":"art-bd-10","status":"publish","type":"product","link":"https:\/\/artburomaroc.com\/?product=art-bd-10","title":{"rendered":"ART-BD-10"},"content":{"rendered":"<p>bureau de direction\u00a0<strong>GAMME ART-BD-10 <\/strong>FINITION BOIS\u00a0:<\/p>\n<p>P REF : ART-BD-10-1 Bureau avec sous-main en cuir<\/p>\n<p>voile de fond en bois avec bande<\/p>\n<p>DIM. L2000 P1000 H730mm.<\/p>\n<p>P REF : ART-BD-10-2 Meuble de retour \u00e9quip\u00e9 d\u2019une tirette clavier, UNE porte battante ET UNE NICHE<\/p>\n<p>DIM. L1000 P500 H730 mm.<\/p>\n<p>P REF : ART-BD-10-3 Caisson roulant 3 tiroirs<\/p>\n<p>P REF : ART-BD-10-4 Table basse en bois DIM. L600 P6500 H420 mm.<\/p>\n<p>P REF : ART-BD-10-5 Biblioth\u00e8que vitr\u00e9e compos\u00e9e de<\/p>\n<p>\u2013 2 portes battantes avec serrure<\/p>\n<p>\u2013 2 portes vitr\u00e9es<\/p>\n<p>DIM. L800 P420 H1980 mm.<\/p>\n<p>P REF : ART-BD-10-6 Table de r\u00e9union OVALE en bois<\/p>\n<p>\u0081 DIM.L2100 P1100 H750 mm<\/p>\n<p>P REF : ART-BD-10-7 Table de r\u00e9union OVALE en bois<\/p>\n<p>\u0082 DIM.L2600 P1150 H750 mm<\/p>\n","protected":false},"excerpt":{"rendered":"<p>bureau de direction\u00a0GAMME ART-BD-10 FINITION BOIS\u00a0: P REF : ART-BD-10-1 Bureau avec sous-main en cuir voile de fond en bois avec bande DIM. L2000 P1000 H730mm. P REF : ART-BD-10-2 Meuble de retour \u00e9quip\u00e9 d\u2019une tirette clavier, UNE porte battante ET UNE NICHE DIM. L1000 P500 H730 mm. P REF : ART-BD-10-3 Caisson roulant 3 &hellip; <a href=\"https:\/\/artburomaroc.com\/?product=art-bd-10\" class=\"more-link\">Continue reading <span class=\"screen-reader-text\">ART-BD-10<\/span><\/a><\/p>\n","protected":false},"featured_media":10106,"comment_status":"open","ping_status":"closed","template":"","meta":[],"class_list":{"0":"post-10105","1":"product","2":"type-product","3":"status-publish","4":"has-post-thumbnail","6":"product_cat-bureaux-de-direction","9":"instock","10":"shipping-taxable","11":"purchasable","12":"product-type-simple"},"_links":{"self":[{"href":"https:\/\/artburomaroc.com\/index.php?rest_route=\/wp\/v2\/product\/10105","targetHints":{"allow":["GET"]}}],"collection":[{"href":"https:\/\/artburomaroc.com\/index.php?rest_route=\/wp\/v2\/product"}],"about":[{"href":"https:\/\/artburomaroc.com\/index.php?rest_route=\/wp\/v2\/types\/product"}],"replies":[{"embeddable":true,"href":"https:\/\/artburomaroc.com\/index.php?rest_route=%2Fwp%2Fv2%2Fcomments&post=10105"}],"wp:featuredmedia":[{"embeddable":true,"href":"https:\/\/artburomaroc.com\/index.php?rest_route=\/wp\/v2\/media\/10106"}],"wp:attachment":[{"href":"https:\/\/artburomaroc.com\/index.php?rest_route=%2Fwp%2Fv2%2Fmedia&parent=10105"}],"curies":[{"name":"wp","href":"https:\/\/api.w.org\/{rel}","templated":true}]}}