{"id":9468,"date":"2020-12-24T20:05:57","date_gmt":"2020-12-24T19:05:57","guid":{"rendered":"https:\/\/artburomaroc.com\/?page_id=9468"},"modified":"2021-01-04T10:52:12","modified_gmt":"2021-01-04T09:52:12","slug":"qui-sommes-nous","status":"publish","type":"page","link":"https:\/\/artburomaroc.com\/?page_id=9468","title":{"rendered":"Qui Sommes-Nous ?"},"content":{"rendered":"\t\t<div data-elementor-type=\"wp-page\" data-elementor-id=\"9468\" class=\"elementor elementor-9468\" data-elementor-settings=\"[]\">\n\t\t\t\t\t\t<div class=\"elementor-inner\">\n\t\t\t\t\t\t\t<div class=\"elementor-section-wrap\">\n\t\t\t\t\t\t\t<section class=\"elementor-section elementor-top-section elementor-element elementor-element-1160d03 elementor-section-boxed elementor-section-height-default elementor-section-height-default\" data-id=\"1160d03\" data-element_type=\"section\">\n\t\t\t\t\t\t<div class=\"elementor-container elementor-column-gap-default\">\n\t\t\t\t\t\t\t<div class=\"elementor-row\">\n\t\t\t\t\t<div class=\"elementor-column elementor-col-100 elementor-top-column elementor-element elementor-element-82c1f9a\" data-id=\"82c1f9a\" data-element_type=\"column\">\n\t\t\t<div class=\"elementor-column-wrap elementor-element-populated\">\n\t\t\t\t\t\t\t<div class=\"elementor-widget-wrap\">\n\t\t\t\t\t\t<div class=\"elementor-element elementor-element-4970144 elementor-widget elementor-widget-heading\" data-id=\"4970144\" data-element_type=\"widget\" data-widget_type=\"heading.default\">\n\t\t\t\t<div class=\"elementor-widget-container\">\n\t\t\t<h2 class=\"elementor-heading-title elementor-size-default\"><h1 style=\"margin-top: 20px; margin-bottom: 10px; font-variant-numeric: normal; font-variant-east-asian: normal; font-stretch: normal; font-size: 34px; line-height: 28px; font-family: Montserrat; color: rgb(113, 8, 110); text-transform: uppercase; white-space: normal;\">QUI-SOMMES NOUS ?\n<\/h1><\/h2>\t\t<\/div>\n\t\t\t\t<\/div>\n\t\t\t\t<div class=\"elementor-element elementor-element-9a2c2b9 elementor-widget elementor-widget-spacer\" data-id=\"9a2c2b9\" data-element_type=\"widget\" data-widget_type=\"spacer.default\">\n\t\t\t\t<div class=\"elementor-widget-container\">\n\t\t\t\t\t<div class=\"elementor-spacer\">\n\t\t\t<div class=\"elementor-spacer-inner\"><\/div>\n\t\t<\/div>\n\t\t\t\t<\/div>\n\t\t\t\t<\/div>\n\t\t\t\t<div class=\"elementor-element elementor-element-deaff89 elementor-widget elementor-widget-image\" data-id=\"deaff89\" data-element_type=\"widget\" data-widget_type=\"image.default\">\n\t\t\t\t<div class=\"elementor-widget-container\">\n\t\t\t\t\t<div class=\"elementor-image\">\n\t\t\t\t\t\t\t\t\t\t<img loading=\"lazy\" decoding=\"async\" width=\"970\" height=\"342\" src=\"https:\/\/artburomaroc.com\/wp-content\/uploads\/2020\/12\/Sans-titre-1.jpg\" class=\"attachment-2048x2048 size-2048x2048\" alt=\"\" \/>\t\t\t\t\t\t\t\t\t\t\t<\/div>\n\t\t\t\t<\/div>\n\t\t\t\t<\/div>\n\t\t\t\t<div class=\"elementor-element elementor-element-81f34d8 elementor-widget elementor-widget-text-editor\" data-id=\"81f34d8\" data-element_type=\"widget\" data-widget_type=\"text-editor.default\">\n\t\t\t\t<div class=\"elementor-widget-container\">\n\t\t\t\t\t<div class=\"elementor-text-editor elementor-clearfix\"><p style=\"text-align: center;\"><strong>ART BURO<\/strong>\u00a0est un distributeur reconnu sur le march\u00e9 national du <strong>mobilier professionnel<\/strong> et de l\u2019am\u00e9nagement des espaces de travail.<\/p><p style=\"text-align: center;\">Depuis sa cr\u00e9ation, la soci\u00e9t\u00e9 intervient dans l\u2019am\u00e9nagement et l\u2019installation de tout ce qui \u00e9volue dans un environnement de travail.<\/p><p style=\"text-align: center;\">Gr\u00e2ce \u00e0 ses moyens humains hautement qualifi\u00e9s et ses fournisseurs marocains et \u00e9trangers,\u00a0<strong>ART\u2019BURO<\/strong>\u00a0offre des solutions globales enti\u00e8rement personnalisables pour r\u00e9pondre mieux aux attentes de sa client\u00e8le.<\/p><p style=\"text-align: center;\">Forte de son savoir faire et de ses partenariats avec des fabricants de renom,\u00a0<strong>ART\u2019BURO<\/strong>\u00a0est aujourd\u2019hui, le partenaire incontournable pour toutes les solutions d\u2019am\u00e9nagement des espaces de travail.<\/p><p style=\"text-align: center;\"><strong><a href=\"http:\/\/artburomaroc.com\/?page_id=3169\">Faites-nous part de votre m\u00e9tier<\/a>, de votre organisation, de vos projets d\u2019entreprise, nous vous proposerons des solutions d\u2019am\u00e9nagement performantes et innovantes.<\/strong><\/p><\/div>\n\t\t\t\t<\/div>\n\t\t\t\t<\/div>\n\t\t\t\t<div class=\"elementor-element elementor-element-84fd3c0 elementor-widget elementor-widget-spacer\" data-id=\"84fd3c0\" data-element_type=\"widget\" data-widget_type=\"spacer.default\">\n\t\t\t\t<div class=\"elementor-widget-container\">\n\t\t\t\t\t<div class=\"elementor-spacer\">\n\t\t\t<div class=\"elementor-spacer-inner\"><\/div>\n\t\t<\/div>\n\t\t\t\t<\/div>\n\t\t\t\t<\/div>\n\t\t\t\t\t\t<\/div>\n\t\t\t\t\t<\/div>\n\t\t<\/div>\n\t\t\t\t\t\t\t\t<\/div>\n\t\t\t\t\t<\/div>\n\t\t<\/section>\n\t\t\t\t<section class=\"elementor-section elementor-top-section elementor-element elementor-element-0161070 elementor-section-boxed elementor-section-height-default elementor-section-height-default\" data-id=\"0161070\" data-element_type=\"section\">\n\t\t\t\t\t\t<div class=\"elementor-container elementor-column-gap-default\">\n\t\t\t\t\t\t\t<div class=\"elementor-row\">\n\t\t\t\t\t<div class=\"elementor-column elementor-col-100 elementor-top-column elementor-element elementor-element-a70e838\" data-id=\"a70e838\" data-element_type=\"column\">\n\t\t\t<div class=\"elementor-column-wrap elementor-element-populated\">\n\t\t\t\t\t\t\t<div class=\"elementor-widget-wrap\">\n\t\t\t\t\t\t<div class=\"elementor-element elementor-element-2d1e091 elementor-align-center elementor-widget elementor-widget-button\" data-id=\"2d1e091\" data-element_type=\"widget\" data-widget_type=\"button.default\">\n\t\t\t\t<div class=\"elementor-widget-container\">\n\t\t\t\t\t<div class=\"elementor-button-wrapper\">\n\t\t\t<a href=\"http:\/\/artburomaroc.com\/?page_id=3169\" class=\"elementor-button-link elementor-button elementor-size-lg\" role=\"button\">\n\t\t\t\t\t\t<span class=\"elementor-button-content-wrapper\">\n\t\t\t\t\t\t<span class=\"elementor-button-text\">Parlons de votre projet !<\/span>\n\t\t<\/span>\n\t\t\t\t\t<\/a>\n\t\t<\/div>\n\t\t\t\t<\/div>\n\t\t\t\t<\/div>\n\t\t\t\t\t\t<\/div>\n\t\t\t\t\t<\/div>\n\t\t<\/div>\n\t\t\t\t\t\t\t\t<\/div>\n\t\t\t\t\t<\/div>\n\t\t<\/section>\n\t\t\t\t\t\t<\/div>\n\t\t\t\t\t\t<\/div>\n\t\t\t\t\t<\/div>\n\t\t","protected":false},"excerpt":{"rendered":"<p>QUI-SOMMES NOUS ? ART BURO\u00a0est un distributeur reconnu sur le march\u00e9 national du mobilier professionnel et de l\u2019am\u00e9nagement des espaces de travail. Depuis sa cr\u00e9ation, la soci\u00e9t\u00e9 intervient dans l\u2019am\u00e9nagement et l\u2019installation de tout ce qui \u00e9volue dans un environnement de travail. Gr\u00e2ce \u00e0 ses moyens humains hautement qualifi\u00e9s et ses fournisseurs marocains et \u00e9trangers,\u00a0ART\u2019BURO\u00a0offre &hellip; <a href=\"https:\/\/artburomaroc.com\/?page_id=9468\" class=\"more-link\">Continue reading <span class=\"screen-reader-text\">Qui Sommes-Nous ?<\/span><\/a><\/p>\n","protected":false},"author":1,"featured_media":0,"parent":0,"menu_order":0,"comment_status":"closed","ping_status":"closed","template":"","meta":{"footnotes":""},"class_list":["post-9468","page","type-page","status-publish","hentry"],"_links":{"self":[{"href":"https:\/\/artburomaroc.com\/index.php?rest_route=\/wp\/v2\/pages\/9468","targetHints":{"allow":["GET"]}}],"collection":[{"href":"https:\/\/artburomaroc.com\/index.php?rest_route=\/wp\/v2\/pages"}],"about":[{"href":"https:\/\/artburomaroc.com\/index.php?rest_route=\/wp\/v2\/types\/page"}],"author":[{"embeddable":true,"href":"https:\/\/artburomaroc.com\/index.php?rest_route=\/wp\/v2\/users\/1"}],"replies":[{"embeddable":true,"href":"https:\/\/artburomaroc.com\/index.php?rest_route=%2Fwp%2Fv2%2Fcomments&post=9468"}],"version-history":[{"count":0,"href":"https:\/\/artburomaroc.com\/index.php?rest_route=\/wp\/v2\/pages\/9468\/revisions"}],"wp:attachment":[{"href":"https:\/\/artburomaroc.com\/index.php?rest_route=%2Fwp%2Fv2%2Fmedia&parent=9468"}],"curies":[{"name":"wp","href":"https:\/\/api.w.org\/{rel}","templated":true}]}}